{"id":276770,"date":"2024-05-11T23:50:51","date_gmt":"2024-05-11T21:50:51","guid":{"rendered":"https:\/\/dreamaps.it\/?post_type=project&#038;p=276770"},"modified":"2025-10-29T10:47:28","modified_gmt":"2025-10-29T09:47:28","slug":"pranzo-di-beneficenza-al-rifugio-meritz","status":"publish","type":"project","link":"https:\/\/dreamaps.it\/?project=pranzo-di-beneficenza-al-rifugio-meritz","title":{"rendered":"Pranzo di Beneficenza al Rifugio Meritz"},"content":{"rendered":"\n[et_pb_section fb_built=&#8221;1&#8243; admin_label=&#8221;About&#8221; module_id=&#8221;missione&#8221; _builder_version=&#8221;4.25.2&#8243; _module_preset=&#8221;default&#8221; background_color=&#8221;gcid-1c7f682d-c09a-42e9-8b1c-535ba676533f&#8221; custom_padding=&#8221;0px||0px||true|false&#8221; locked=&#8221;off&#8221; collapsed=&#8221;on&#8221; global_colors_info=&#8221;{%22gcid-1c7f682d-c09a-42e9-8b1c-535ba676533f%22:%91%22background_color%22%93}&#8221;][et_pb_row column_structure=&#8221;1_2,1_2&#8243; _builder_version=&#8221;4.20.0&#8243; _module_preset=&#8221;default&#8221; custom_padding=&#8221;0px||0px||true|false&#8221; global_colors_info=&#8221;{}&#8221;][et_pb_column type=&#8221;1_2&#8243; _builder_version=&#8221;4.20.0&#8243; _module_preset=&#8221;default&#8221; global_colors_info=&#8221;{}&#8221;][et_pb_gallery gallery_ids=&#8221;276776,276775,276777,276774,276778,276830,276831,276832,276833,276834,42,21&#8243; fullwidth=&#8221;on&#8221; _builder_version=&#8221;4.25.2&#8243; _module_preset=&#8221;default&#8221; custom_margin=&#8221;|||-10vw|false|false&#8221; custom_margin_tablet=&#8221;|-10vw||-10vw|false|true&#8221; custom_margin_phone=&#8221;|-10vw||-10vw|false|true&#8221; custom_margin_last_edited=&#8221;on|tablet&#8221; hover_enabled=&#8221;0&#8243; border_color_all=&#8221;gcid-606d042f-c90f-4ea6-97e7-7b08f1ba25f6&#8243; border_width_top=&#8221;3vw&#8221; border_width_right=&#8221;3vw&#8221; border_width_top_tablet=&#8221;10vw&#8221; border_width_top_phone=&#8221;10vw&#8221; border_width_top_last_edited=&#8221;on|tablet&#8221; border_width_right_tablet=&#8221;10vw&#8221; border_width_right_phone=&#8221;10vw&#8221; border_width_right_last_edited=&#8221;on|tablet&#8221; global_colors_info=&#8221;{%22gcid-606d042f-c90f-4ea6-97e7-7b08f1ba25f6%22:%91%22border_color_all%22,%22border_color_all%22%93}&#8221; sticky_enabled=&#8221;0&#8243;][\/et_pb_gallery][\/et_pb_column][et_pb_column type=&#8221;1_2&#8243; _builder_version=&#8221;4.20.0&#8243; _module_preset=&#8221;default&#8221; custom_padding=&#8221;8%||8%||true|true&#8221; global_colors_info=&#8221;{}&#8221;][et_pb_text _builder_version=&#8221;4.25.2&#8243; _module_preset=&#8221;_initial&#8221; header_4_font=&#8221;Inter|700||on|||||&#8221; header_4_text_color=&#8221;#293b45&#8243; header_4_font_size=&#8221;14px&#8221; header_4_letter_spacing=&#8221;1px&#8221; text_orientation=&#8221;center&#8221; custom_margin=&#8221;||0px||false|false&#8221; locked=&#8221;off&#8221; global_colors_info=&#8221;{}&#8221;]<h4 style=\"text-align: left;\">11 MAGGIO, RIFUGIO MERITZ &#8211; LEDRO<\/h4>[\/et_pb_text][et_pb_text _builder_version=&#8221;4.25.2&#8243; _module_preset=&#8221;4a376a15-dd7d-47d4-9784-10ceecfffc58&#8243; header_2_font_size=&#8221;40px&#8221; header_3_font=&#8221;&#8211;et_global_body_font||||||||&#8221; global_colors_info=&#8221;{}&#8221;]<h2>Pranzo di Beneficenza<\/h2>[\/et_pb_text][et_pb_divider color=&#8221;rgba(0,0,0,0.2)&#8221; divider_position=&#8221;center&#8221; divider_weight=&#8221;2px&#8221; _builder_version=&#8221;4.20.0&#8243; _module_preset=&#8221;default&#8221; custom_margin=&#8221;|||-38%|false|false&#8221; locked=&#8221;off&#8221; global_colors_info=&#8221;{}&#8221;][\/et_pb_divider][et_pb_text _builder_version=&#8221;4.25.0&#8243; _module_preset=&#8221;0df4336e-50d0-4076-85d5-a51dd5bb0624&#8243; custom_margin=&#8221;30px||||false|false&#8221; custom_padding=&#8221;||2px|||&#8221; global_colors_info=&#8221;{}&#8221;]<p>Dream crea iniziative &#8220;con&#8221; i ragazzi e non solo &#8220;per&#8221; i ragazzi con disabilit\u00e0: sono persone con desideri, volont\u00e0 e talenti.<br \/>Le nostre iniziative gli calzano addosso; siamo come una grande famiglia: \u00e8 il bene che ci tiene uniti e il darci supporto l&#8217;uno con l&#8217;altro.<br \/>La gioia e il piacere di stare in Dream sono contagiosi!<br \/>La &#8220;Brigata da Sogno&#8221; di Dream \u00e8 itinerante: ci basta una cucina e facciamo meraviglie!<br \/>La disabilit\u00e0 non \u00e8 per forza una condizione di sofferenza: vissuta nel modo giusto pu\u00f2 trasformarsi in risorsa per la societ\u00e0!<\/p>[\/et_pb_text][\/et_pb_column][\/et_pb_row][\/et_pb_section][et_pb_section fb_built=&#8221;1&#8243; admin_label=&#8221;Video&#8221; _builder_version=&#8221;4.20.0&#8243; _module_preset=&#8221;default&#8221; background_color=&#8221;gcid-1c7f682d-c09a-42e9-8b1c-535ba676533f&#8221; collapsed=&#8221;on&#8221; global_colors_info=&#8221;{%22gcid-1c7f682d-c09a-42e9-8b1c-535ba676533f%22:%91%22background_color%22%93}&#8221; locked=&#8221;off&#8221;][et_pb_row column_structure=&#8221;1_2,1_2&#8243; _builder_version=&#8221;4.20.0&#8243; _module_preset=&#8221;default&#8221; global_colors_info=&#8221;{}&#8221;][et_pb_column type=&#8221;1_2&#8243; _builder_version=&#8221;4.20.0&#8243; _module_preset=&#8221;default&#8221; global_colors_info=&#8221;{}&#8221;][et_pb_text _builder_version=&#8221;4.25.2&#8243; _module_preset=&#8221;fd7473a8-68a2-4b1c-861f-d2596f210485&#8243; locked=&#8221;off&#8221; global_colors_info=&#8221;{}&#8221;]<h4>Guardati il video dell&#8217;evento!<\/h4>[\/et_pb_text][\/et_pb_column][et_pb_column type=&#8221;1_2&#8243; _builder_version=&#8221;4.20.0&#8243; _module_preset=&#8221;default&#8221; global_colors_info=&#8221;{}&#8221;][et_pb_video src=&#8221;https:\/\/dreamaps.it\/wp-content\/uploads\/2024\/06\/IMG_0016.mov&#8221; play_icon_color=&#8221;gcid-606d042f-c90f-4ea6-97e7-7b08f1ba25f6&#8243; _builder_version=&#8221;4.25.2&#8243; _module_preset=&#8221;default&#8221; hover_enabled=&#8221;0&#8243; global_colors_info=&#8221;{%22gcid-606d042f-c90f-4ea6-97e7-7b08f1ba25f6%22:%91%22play_icon_color%22%93}&#8221; title_text=&#8221;IMG_0016&#8243; sticky_enabled=&#8221;0&#8243;][\/et_pb_video][\/et_pb_column][\/et_pb_row][\/et_pb_section][et_pb_section fb_built=&#8221;1&#8243; admin_label=&#8221;About&#8221; module_id=&#8221;missione&#8221; _builder_version=&#8221;4.24.0&#8243; _module_preset=&#8221;default&#8221; background_color=&#8221;gcid-7a02f245-10cf-4ba2-ac73-385345b5f54a&#8221; custom_padding=&#8221;0px||0px||true|false&#8221; locked=&#8221;off&#8221; collapsed=&#8221;on&#8221; global_colors_info=&#8221;{%22gcid-7a02f245-10cf-4ba2-ac73-385345b5f54a%22:%91%22background_color%22%93}&#8221;][et_pb_row _builder_version=&#8221;4.24.3&#8243; _module_preset=&#8221;default&#8221; custom_padding=&#8221;0px||0px||true|false&#8221; global_colors_info=&#8221;{}&#8221;][et_pb_column type=&#8221;4_4&#8243; _builder_version=&#8221;4.20.0&#8243; _module_preset=&#8221;default&#8221; custom_padding=&#8221;8%||8%||true|true&#8221; global_colors_info=&#8221;{}&#8221;][et_pb_text _builder_version=&#8221;4.24.3&#8243; _module_preset=&#8221;4a376a15-dd7d-47d4-9784-10ceecfffc58&#8243; global_colors_info=&#8221;{}&#8221;]<h2 style=\"text-align: center;\">Vuoi sostenerci?<\/h2>[\/et_pb_text][et_pb_text _builder_version=&#8221;4.24.3&#8243; _module_preset=&#8221;0df4336e-50d0-4076-85d5-a51dd5bb0624&#8243; custom_margin=&#8221;30px||||false|false&#8221; custom_padding=&#8221;||2px|||&#8221; global_colors_info=&#8221;{}&#8221;]<p style=\"text-align: center;\">Puoi aiutarci anche tu a rincorrere questo sogno con una<strong> donazione<\/strong> o <strong>partecipando ai nostri eventi<\/strong>. <br \/>Sostienici con un bonifico Bonifico intestato a: <em>Dream A.P.S.<\/em><br \/><strong>IBAN:<\/strong> <em>IT45T0801634311000005435471<\/em><br \/><strong>CAUSALE:<\/strong><em> LABORATORIO CUCINA INCLUSIVO<\/em><br \/>Aiutateci con il <strong>5&#215;1000<\/strong> (C.F\u00a093027100226)<\/p>[\/et_pb_text][\/et_pb_column][\/et_pb_row][\/et_pb_section]\n","protected":false},"excerpt":{"rendered":"<p>11 MAGGIO, RIFUGIO MERITZ &#8211; LEDROPranzo di BeneficenzaDream crea iniziative &#8220;con&#8221; i ragazzi e non solo &#8220;per&#8221; i ragazzi con disabilit\u00e0: sono persone con desideri, volont\u00e0 e talenti.Le nostre iniziative gli calzano addosso; siamo come una grande famiglia: \u00e8 il bene che ci tiene uniti e il darci supporto l&#8217;uno con l&#8217;altro.La gioia e il [&hellip;]<\/p>\n","protected":false},"author":1,"featured_media":276776,"comment_status":"closed","ping_status":"closed","template":"","meta":{"_et_pb_use_builder":"on","_et_pb_old_content":"","_et_gb_content_width":"","footnotes":""},"project_category":[],"project_tag":[],"class_list":["post-276770","project","type-project","status-publish","has-post-thumbnail","hentry"],"_links":{"self":[{"href":"https:\/\/dreamaps.it\/index.php?rest_route=\/wp\/v2\/project\/276770","targetHints":{"allow":["GET"]}}],"collection":[{"href":"https:\/\/dreamaps.it\/index.php?rest_route=\/wp\/v2\/project"}],"about":[{"href":"https:\/\/dreamaps.it\/index.php?rest_route=\/wp\/v2\/types\/project"}],"author":[{"embeddable":true,"href":"https:\/\/dreamaps.it\/index.php?rest_route=\/wp\/v2\/users\/1"}],"replies":[{"embeddable":true,"href":"https:\/\/dreamaps.it\/index.php?rest_route=%2Fwp%2Fv2%2Fcomments&post=276770"}],"version-history":[{"count":9,"href":"https:\/\/dreamaps.it\/index.php?rest_route=\/wp\/v2\/project\/276770\/revisions"}],"predecessor-version":[{"id":276914,"href":"https:\/\/dreamaps.it\/index.php?rest_route=\/wp\/v2\/project\/276770\/revisions\/276914"}],"wp:featuredmedia":[{"embeddable":true,"href":"https:\/\/dreamaps.it\/index.php?rest_route=\/wp\/v2\/media\/276776"}],"wp:attachment":[{"href":"https:\/\/dreamaps.it\/index.php?rest_route=%2Fwp%2Fv2%2Fmedia&parent=276770"}],"wp:term":[{"taxonomy":"project_category","embeddable":true,"href":"https:\/\/dreamaps.it\/index.php?rest_route=%2Fwp%2Fv2%2Fproject_category&post=276770"},{"taxonomy":"project_tag","embeddable":true,"href":"https:\/\/dreamaps.it\/index.php?rest_route=%2Fwp%2Fv2%2Fproject_tag&post=276770"}],"curies":[{"name":"wp","href":"https:\/\/api.w.org\/{rel}","templated":true}]}}

[et_pb_section fb_built=&#8221;1&#8243; admin_label=&#8221;About&#8221; module_id=&#8221;missione&#8221; _builder_version=&#8221;4.25.2&#8243; _module_preset=&#8221;default&#8221; background_color=&#8221;gcid-1c7f682d-c09a-42e9-8b1c-535ba676533f&#8221; custom_padding=&#8221;0px||0px||true|false&#8221; locked=&#8221;off&#8221; collapsed=&#8221;on&#8221; global_colors_info=&#8221;{%22gcid-1c7f682d-c09a-42e9-8b1c-535ba676533f%22:%91%22background_color%22%93}&#8221;][et_pb_row column_structure=&#8221;1_2,1_2&#8243; _builder_version=&#8221;4.20.0&#8243; _module_preset=&#8221;default&#8221; custom_padding=&#8221;0px||0px||true|false&#8221; global_colors_info=&#8221;{}&#8221;][et_pb_column type=&#8221;1_2&#8243; _builder_version=&#8221;4.20.0&#8243; _module_preset=&#8221;default&#8221; global_colors_info=&#8221;{}&#8221;][et_pb_gallery gallery_ids=&#8221;276776,276775,276777,276774,276778,276830,276831,276832,276833,276834,42,21&#8243; fullwidth=&#8221;on&#8221; _builder_version=&#8221;4.25.2&#8243; _module_preset=&#8221;default&#8221; custom_margin=&#8221;|||-10vw|false|false&#8221; custom_margin_tablet=&#8221;|-10vw||-10vw|false|true&#8221; custom_margin_phone=&#8221;|-10vw||-10vw|false|true&#8221; custom_margin_last_edited=&#8221;on|tablet&#8221; hover_enabled=&#8221;0&#8243; border_color_all=&#8221;gcid-606d042f-c90f-4ea6-97e7-7b08f1ba25f6&#8243; border_width_top=&#8221;3vw&#8221; border_width_right=&#8221;3vw&#8221; border_width_top_tablet=&#8221;10vw&#8221; border_width_top_phone=&#8221;10vw&#8221; border_width_top_last_edited=&#8221;on|tablet&#8221; border_width_right_tablet=&#8221;10vw&#8221; border_width_right_phone=&#8221;10vw&#8221; border_width_right_last_edited=&#8221;on|tablet&#8221; global_colors_info=&#8221;{%22gcid-606d042f-c90f-4ea6-97e7-7b08f1ba25f6%22:%91%22border_color_all%22,%22border_color_all%22%93}&#8221; sticky_enabled=&#8221;0&#8243;][/et_pb_gallery][/et_pb_column][et_pb_column type=&#8221;1_2&#8243; _builder_version=&#8221;4.20.0&#8243; _module_preset=&#8221;default&#8221; custom_padding=&#8221;8%||8%||true|true&#8221; global_colors_info=&#8221;{}&#8221;][et_pb_text _builder_version=&#8221;4.25.2&#8243; _module_preset=&#8221;_initial&#8221; header_4_font=&#8221;Inter|700||on|||||&#8221; header_4_text_color=&#8221;#293b45&#8243; header_4_font_size=&#8221;14px&#8221; header_4_letter_spacing=&#8221;1px&#8221; text_orientation=&#8221;center&#8221; custom_margin=&#8221;||0px||false|false&#8221; locked=&#8221;off&#8221; global_colors_info=&#8221;{}&#8221;]<h4 style="text-align: left;">11 MAGGIO, RIFUGIO MERITZ &#8211; LEDRO</h4>[/et_pb_text][et_pb_text _builder_version=&#8221;4.25.2&#8243; _module_preset=&#8221;4a376a15-dd7d-47d4-9784-10ceecfffc58&#8243; header_2_font_size=&#8221;40px&#8221; header_3_font=&#8221;&#8211;et_global_body_font||||||||&#8221; global_colors_info=&#8221;{}&#8221;]<h2>Pranzo di Beneficenza</h2>[/et_pb_text][et_pb_divider color=&#8221;rgba(0,0,0,0.2)&#8221; divider_position=&#8221;center&#8221; divider_weight=&#8221;2px&#8221; _builder_version=&#8221;4.20.0&#8243; _module_preset=&#8221;default&#8221; custom_margin=&#8221;|||-38%|false|false&#8221; locked=&#8221;off&#8221; global_colors_info=&#8221;{}&#8221;][/et_pb_divider][et_pb_text _builder_version=&#8221;4.25.0&#8243; _module_preset=&#8221;0df4336e-50d0-4076-85d5-a51dd5bb0624&#8243; custom_margin=&#8221;30px||||false|false&#8221; custom_padding=&#8221;||2px|||&#8221; global_colors_info=&#8221;{}&#8221;]<p>Dream crea iniziative &#8220;con&#8221; i ragazzi e non solo &#8220;per&#8221; i ragazzi con disabilità: sono persone con desideri, volontà e talenti.<br />Le nostre iniziative gli calzano addosso; siamo come una grande famiglia: è il bene che ci tiene uniti e il darci supporto l&#8217;uno con l&#8217;altro.<br />La gioia e il piacere di stare in Dream sono contagiosi!<br />La &#8220;Brigata da Sogno&#8221; di Dream è itinerante: ci basta una cucina e facciamo meraviglie!<br />La disabilità non è per forza una condizione di sofferenza: vissuta nel modo giusto può trasformarsi in risorsa per la società!</p>[/et_pb_text][/et_pb_column][/et_pb_row][/et_pb_section][et_pb_section fb_built=&#8221;1&#8243; admin_label=&#8221;Video&#8221; _builder_version=&#8221;4.20.0&#8243; _module_preset=&#8221;default&#8221; background_color=&#8221;gcid-1c7f682d-c09a-42e9-8b1c-535ba676533f&#8221; collapsed=&#8221;on&#8221; global_colors_info=&#8221;{%22gcid-1c7f682d-c09a-42e9-8b1c-535ba676533f%22:%91%22background_color%22%93}&#8221; locked=&#8221;off&#8221;][et_pb_row column_structure=&#8221;1_2,1_2&#8243; _builder_version=&#8221;4.20.0&#8243; _module_preset=&#8221;default&#8221; global_colors_info=&#8221;{}&#8221;][et_pb_column type=&#8221;1_2&#8243; _builder_version=&#8221;4.20.0&#8243; _module_preset=&#8221;default&#8221; global_colors_info=&#8221;{}&#8221;][et_pb_text _builder_version=&#8221;4.25.2&#8243; _module_preset=&#8221;fd7473a8-68a2-4b1c-861f-d2596f210485&#8243; locked=&#8221;off&#8221; global_colors_info=&#8221;{}&#8221;]<h4>Guardati il video dell&#8217;evento!</h4>[/et_pb_text][/et_pb_column][et_pb_column type=&#8221;1_2&#8243; _builder_version=&#8221;4.20.0&#8243; _module_preset=&#8221;default&#8221; global_colors_info=&#8221;{}&#8221;][et_pb_video src=&#8221;https://dreamaps.it/wp-content/uploads/2024/06/IMG_0016.mov&#8221; play_icon_color=&#8221;gcid-606d042f-c90f-4ea6-97e7-7b08f1ba25f6&#8243; _builder_version=&#8221;4.25.2&#8243; _module_preset=&#8221;default&#8221; hover_enabled=&#8221;0&#8243; global_colors_info=&#8221;{%22gcid-606d042f-c90f-4ea6-97e7-7b08f1ba25f6%22:%91%22play_icon_color%22%93}&#8221; title_text=&#8221;IMG_0016&#8243; sticky_enabled=&#8221;0&#8243;][/et_pb_video][/et_pb_column][/et_pb_row][/et_pb_section][et_pb_section fb_built=&#8221;1&#8243; admin_label=&#8221;About&#8221; module_id=&#8221;missione&#8221; _builder_version=&#8221;4.24.0&#8243; _module_preset=&#8221;default&#8221; background_color=&#8221;gcid-7a02f245-10cf-4ba2-ac73-385345b5f54a&#8221; custom_padding=&#8221;0px||0px||true|false&#8221; locked=&#8221;off&#8221; collapsed=&#8221;on&#8221; global_colors_info=&#8221;{%22gcid-7a02f245-10cf-4ba2-ac73-385345b5f54a%22:%91%22background_color%22%93}&#8221;][et_pb_row _builder_version=&#8221;4.24.3&#8243; _module_preset=&#8221;default&#8221; custom_padding=&#8221;0px||0px||true|false&#8221; global_colors_info=&#8221;{}&#8221;][et_pb_column type=&#8221;4_4&#8243; _builder_version=&#8221;4.20.0&#8243; _module_preset=&#8221;default&#8221; custom_padding=&#8221;8%||8%||true|true&#8221; global_colors_info=&#8221;{}&#8221;][et_pb_text _builder_version=&#8221;4.24.3&#8243; _module_preset=&#8221;4a376a15-dd7d-47d4-9784-10ceecfffc58&#8243; global_colors_info=&#8221;{}&#8221;]<h2 style="text-align: center;">Vuoi sostenerci?</h2>[/et_pb_text][et_pb_text _builder_version=&#8221;4.24.3&#8243; _module_preset=&#8221;0df4336e-50d0-4076-85d5-a51dd5bb0624&#8243; custom_margin=&#8221;30px||||false|false&#8221; custom_padding=&#8221;||2px|||&#8221; global_colors_info=&#8221;{}&#8221;]<p style="text-align: center;">Puoi aiutarci anche tu a rincorrere questo sogno con una<strong> donazione</strong> o <strong>partecipando ai nostri eventi</strong>. <br />Sostienici con un bonifico Bonifico intestato a: <em>Dream A.P.S.</em><br /><strong>IBAN:</strong> <em>IT45T0801634311000005435471</em><br /><strong>CAUSALE:</strong><em> LABORATORIO CUCINA INCLUSIVO</em><br />Aiutateci con il <strong>5&#215;1000</strong> (C.F 93027100226)</p>[/et_pb_text][/et_pb_column][/et_pb_row][/et_pb_section]

<p>11 MAGGIO, RIFUGIO MERITZ &#8211; LEDROPranzo di BeneficenzaDream crea iniziative &#8220;con&#8221; i ragazzi e non solo &#8220;per&#8221; i ragazzi con disabilità: sono persone con desideri, volontà e talenti.Le nostre iniziative gli calzano addosso; siamo come una grande famiglia: è il bene che ci tiene uniti e il darci supporto l&#8217;uno con l&#8217;altro.La gioia e il [&hellip;]</p>
